{"id":40,"date":"2023-03-13T19:17:22","date_gmt":"2023-03-13T19:17:22","guid":{"rendered":"https:\/\/elchangonavamuel.com\/elchangonavamuel\/?page_id=40"},"modified":"2023-03-16T21:58:43","modified_gmt":"2023-03-16T21:58:43","slug":"artistas","status":"publish","type":"page","link":"https:\/\/elchangonavamuel.com\/elchangonavamuel\/index.php\/artistas\/","title":{"rendered":"Artistas"},"content":{"rendered":"<div class=\"separator\" data-original-attrs=\"{&quot;style&quot;:&quot;&quot;}\"><a href=\"https:\/\/www.blogger.com\/#\" data-original-attrs=\"{&quot;data-original-href&quot;:&quot;https:\/\/1.bp.blogspot.com\/-r3bnEtQu_-U\/YRd9sQBaVjI\/AAAAAAAAFSA\/ArW7oZn1lMwKX6tNFvMd7PDLREAD8Z6HgCLcBGAsYHQ\/s247\/Paginas_CDS.png&quot;,&quot;style&quot;:&quot;&quot;}\"><span style=\"color: #000000;\" data-keep-original-tag=\"false\" data-original-attrs=\"{&quot;style&quot;:&quot;&quot;}\"><img loading=\"lazy\" decoding=\"async\" src=\"https:\/\/1.bp.blogspot.com\/-r3bnEtQu_-U\/YRd9sQBaVjI\/AAAAAAAAFSA\/ArW7oZn1lMwKX6tNFvMd7PDLREAD8Z6HgCLcBGAsYHQ\/w400-h264\/Paginas_CDS.png\" width=\"400\" height=\"264\" border=\"0\" data-original-height=\"163\" data-original-width=\"247\" \/><\/span><\/a><\/div>\n<h2 data-original-attrs=\"{&quot;style&quot;:&quot;&quot;}\">S\u00f3lo hac\u00e9 click en la P\u00e1gina que quieras visitar<\/h2>\n<ol>\n<li style=\"list-style-type: none;\">\n<div><a href=\"https:\/\/1.bp.blogspot.com\/-r3bnEtQu_-U\/YRd9sQBaVjI\/AAAAAAAAFSA\/ArW7oZn1lMwKX6tNFvMd7PDLREAD8Z6HgCLcBGAsYHQ\/s247\/Paginas_CDS.png\"><img loading=\"lazy\" decoding=\"async\" src=\"https:\/\/1.bp.blogspot.com\/-r3bnEtQu_-U\/YRd9sQBaVjI\/AAAAAAAAFSA\/ArW7oZn1lMwKX6tNFvMd7PDLREAD8Z6HgCLcBGAsYHQ\/s0\/Paginas_CDS.png\" width=\"247\" height=\"163\" border=\"0\" data-original-height=\"163\" data-original-width=\"247\" \/><\/a><\/div>\n<h3>S\u00f3lo hac\u00e9 click en la P\u00e1gina que quieras visitar<\/h3>\n<ol>\n<li>\n<ol>\n<li><a href=\"https:\/\/eduardoceballos.com\/\" target=\"_blank\" rel=\"noopener\">Eduardo Ceballos<\/a>\u00a0\u00a0\u00a0\u00a0\u00a0\u00a0\u00a0\u00a0\u00a0\u00a0\u00a0\u00a0 (Poeta, escritor, Salta Argentina)<\/li>\n<li><a href=\"https:\/\/cuelloanibal.blogspot.com\/\" target=\"_blank\" rel=\"noopener\">Anibal Cuello<\/a>\u00a0 \u00a0 \u00a0 \u00a0 \u00a0 \u00a0 \u00a0 \u00a0 \u00a0 \u00a0 \u00a0 \u00a0<a href=\"https:\/\/zeno.fm\/radio-torzalito-salta-argentina-con-anibal-cuello\/\" target=\"_blank\" rel=\"noopener\">Escuchar a Anibal Cuello<\/a><\/li>\n<li><a href=\"https:\/\/gabrielbenitezwebs.blogspot.com\/\" target=\"_blank\" rel=\"noopener\">Gabriel Benitez<\/a>\u00a0 \u00a0 \u00a0 \u00a0 \u00a0 \u00a0 \u00a0 \u00a0 \u00a0 \u00a0\u00a0<a href=\"https:\/\/zeno.fm\/radio-torzalito-salta-con-gabriel-benitez\/\" target=\"_blank\" rel=\"noopener\">Escuchar Gabriel Benitez<\/a><\/li>\n<li><a href=\"https:\/\/gissellecabreraoficial.blogspot.com\/\" target=\"_blank\" rel=\"noopener\">Gisselle Cabrera La Loba<\/a>\u00a0\u00a0<a href=\"https:\/\/zeno.fm\/radio-torzalito-salta-argentina-con-gisselle-cabrera-la-loba\/\" target=\"_blank\" rel=\"noopener\">Escuchar La Loba<\/a><\/li>\n<li><a href=\"https:\/\/delceibalweb.blogspot.com\/\" target=\"_blank\" rel=\"noopener\">Del Ceibal<\/a><\/li>\n<li><a href=\"https:\/\/elchangonavamueloficial.blogspot.com\/\" target=\"_blank\" rel=\"noopener\">El Chango Esteban Sanz Navamuel<\/a>\u00a0<a href=\"https:\/\/zeno.fm\/radio-torzalito-salta-argentina-el-chango-navamuel\/\" target=\"_blank\" rel=\"noopener\">Escuchar al Chango<\/a><\/li>\n<li><a href=\"https:\/\/loloarsweb.blogspot.com\/\" target=\"_blank\" rel=\"noopener\">LoloArs Avalos<\/a>\u00a0 \u00a0\u00a0<a href=\"https:\/\/zeno.fm\/radio-joparapa-nea-emisora-guardabosques-con-loloars-avalos\/\" target=\"_blank\" rel=\"noopener\">Escuchar Loloars Avalos<\/a><\/li>\n<li><a href=\"https:\/\/enzobreardoficial.blogspot.com\/\" target=\"_blank\" rel=\"noopener\">Enzo Breard<\/a>\u00a0 \u00a0 \u00a0 \u00a0 \u00a0<a href=\"https:\/\/zeno.fm\/emisora-guardabosques-radio-torzalito-con-enzo-breard\/\" target=\"_blank\" rel=\"noopener\">Escuchar Enzo Breard<\/a><\/li>\n<li><a href=\"https:\/\/danielsanchezoficial.blogspot.com\/\" target=\"_blank\" rel=\"noopener\">Daniel Sanchez<\/a>\u00a0 \u00a0\u00a0<a href=\"https:\/\/zeno.fm\/radio-torzalito-salta-argentina-con-daniel-sanchez\/\" target=\"_blank\" rel=\"noopener\">Escuchar Daniel Sanchez<\/a><\/li>\n<li><a href=\"https:\/\/carloscasasweb.blogspot.com\/\" target=\"_blank\" rel=\"noopener\">Carlos Casas<\/a>\u00a0 \u00a0 \u00a0 \u00a0\u00a0<a href=\"https:\/\/zeno.fm\/emisora-guardabosques-radio-torzalito-con-carlos-casas\/\" target=\"_blank\" rel=\"noopener\">Escuchar Carlos Casas<\/a><\/li>\n<li><a href=\"https:\/\/fillmuchik.blogspot.com\/\" target=\"_blank\" rel=\"noopener\">Fill Muchik<\/a><\/li>\n<li><a href=\"https:\/\/elpalomogonzalezweb.blogspot.com\/\" target=\"_blank\" rel=\"noopener\">El Palomo Gonzalez<\/a>\u00a0\u00a0<a href=\"https:\/\/zeno.fm\/radio-torzalito-con-el-palomo-gonzalez\/\" target=\"_blank\" rel=\"noopener\">Escuchar a El Palomo<\/a><\/li>\n<li><a href=\"https:\/\/rodrigopequenioweb.blogspot.com\/\" target=\"_blank\" rel=\"noopener\">Rodrigo Peque\u00f1o<\/a>\u00a0<a href=\"https:\/\/zeno.fm\/radio-torzalito-salta-con-rodrigo-pequenio\/\" target=\"_blank\" rel=\"noopener\">Escuchar Rodrigo Peque\u00f1o<\/a><\/li>\n<li><a href=\"https:\/\/normabisceglia.blogspot.com\/\" target=\"_blank\" rel=\"noopener\">Norma Bisceglia<\/a><\/li>\n<li><a href=\"https:\/\/migueldiazweb1.blogspot.com\/\" target=\"_blank\" rel=\"noopener\">Miguel Diaz<\/a><\/li>\n<li><a href=\"https:\/\/hoyosmarcelo.blogspot.com\/\" target=\"_blank\" rel=\"noopener\">Marcelo Hoyos<\/a>\u00a0 \u00a0 \u00a0\u00a0<a href=\"https:\/\/zeno.fm\/radio-torzalito-con-marcelo-hoyos\/\" target=\"_blank\" rel=\"noopener\">Escuchar Marcelo Hoyos<\/a><\/li>\n<li><a href=\"https:\/\/nicolasvacaweb.blogspot.com\/\" target=\"_blank\" rel=\"noopener\">Nicol\u00e1s Vaca<\/a>\u00a0 \u00a0 \u00a0 \u00a0 \u00a0\u00a0<a href=\"https:\/\/zeno.fm\/radio-torzalito-emisora-guardabosques-con-nicolas-vaca\/\" target=\"_blank\" rel=\"noopener\">Escuchar Nicolas Vaca<\/a><\/li>\n<li><a href=\"https:\/\/diegozalazarweb.blogspot.com\/\" target=\"_blank\" rel=\"noopener\">Diego Zalazar<\/a><\/li>\n<li><a href=\"https:\/\/juliooscargambino.blogspot.com\/\" target=\"_blank\" rel=\"noopener\">Julio Oscar Gambino<\/a>\u00a0 \u00a0\u00a0<a href=\"https:\/\/zeno.fm\/radio-torzalito-salta-emisora-guardabosques-con-julio-oscar-gambino\/\" target=\"_blank\" rel=\"noopener\">Escuchar<\/a><\/li>\n<li><\/li>\n<li><a href=\"https:\/\/soledadyazuljacquemain.blogspot.com\/\" target=\"_blank\" rel=\"noopener\">Soledad y Azul Jacquemain<\/a><\/li>\n<li><a href=\"https:\/\/vixentafer.blogspot.com\/\" target=\"_blank\" rel=\"noopener\">Vixenta Fer<\/a><\/li>\n<li><a href=\"https:\/\/martinaleman.blogspot.com\/\" target=\"_blank\" rel=\"noopener\">Martin Aleman<\/a><\/li>\n<li><a href=\"https:\/\/mariachisdeoro.blogspot.com\/\" target=\"_blank\" rel=\"noopener\">Mariachis de Oro<\/a><\/li>\n<li><a href=\"https:\/\/losmoldenios.blogspot.com\/\" target=\"_blank\" rel=\"noopener\">Los Molde\u00f1os<\/a>\u00a0 \u00a0 \u00a0 \u00a0 \u00a0 \u00a0\u00a0<a href=\"https:\/\/zeno.fm\/emisora-guardabosques-radio-torzalito-salta-los-moldenios\/\" target=\"_blank\" rel=\"noopener\">Escuchar Los Molde\u00f1os<\/a><\/li>\n<li><a href=\"https:\/\/marinacornejoweboficial.blogspot.com\/\" target=\"_blank\" rel=\"noopener\">Marina Cornejo<\/a>\u00a0 \u00a0 \u00a0 \u00a0\u00a0<a href=\"https:\/\/zeno.fm\/radio-torzalito-salta-argentina-con-marina-cornejo\/\" target=\"_blank\" rel=\"noopener\">Escuchar a Marina<\/a><\/li>\n<li>Luis El Le\u00f3n Miranda<\/li>\n<li><a href=\"https:\/\/carlosbarreraweb.blogspot.com\/\" target=\"_blank\" rel=\"noopener\">Carlos Barrera<\/a><\/li>\n<li><a href=\"https:\/\/danielsanchezoficial.blogspot.com\/\" target=\"_blank\" rel=\"noopener\">Daniel Sanchez<\/a><\/li>\n<li><a href=\"https:\/\/almawernerferrer.blogspot.com\/\" target=\"_blank\" rel=\"noopener\">Alma Warner Ferrer<\/a>\u00a0 \u00a0 \u00a0 (Escultora\/Art\u00edsta Pl\u00e1stica)<\/li>\n<li><a href=\"https:\/\/piedraperdida.blogspot.com\/\" target=\"_blank\" rel=\"noopener\">Piedra Perdida<\/a><\/li>\n<li><a href=\"https:\/\/nuryantunez.blogspot.com\/\" target=\"_blank\" rel=\"noopener\">Nury Antunez<\/a>\u00a0 \u00a0 \u00a0 \u00a0 \u00a0 \u00a0<a href=\"https:\/\/zeno.fm\/emisora-guardabosques-radio-torzalito-nury-antunez\/\" target=\"_blank\" rel=\"noopener\">Escuchar Nury Antunez<\/a><\/li>\n<li><a href=\"https:\/\/esteladelvallesebastian.blogspot.com\/\" target=\"_blank\" rel=\"noopener\">Mara Vivas<\/a><\/li>\n<li><a href=\"https:\/\/maravivasweb.blogspot.com\/\" target=\"_blank\" rel=\"noopener\">Mara Vivas<\/a><\/li>\n<li>Vazner Castilla<\/li>\n<li><a href=\"https:\/\/helenamuzzio.blogspot.com\/\" target=\"_blank\" rel=\"noopener\">Helena Muzzio<\/a><\/li>\n<li><a href=\"https:\/\/rodrigoortegaweb.blogspot.com\/\" target=\"_blank\" rel=\"noopener\">Rodrigo Ortega<\/a>\u00a0 \u00a0 \u00a0 \u00a0 \u00a0 \u00a0<a href=\"https:\/\/zeno.fm\/radio-torzalito-salta-argentina-con-rodrigo-ortega\/\" target=\"_blank\" rel=\"noopener\">Escuchar a Rodri Ortega<\/a><\/li>\n<li><a href=\"https:\/\/daianaestigarribiaweb.blogspot.com\/\" target=\"_blank\" rel=\"noopener\">Daiana Estigarribia<\/a><\/li>\n<li><a href=\"https:\/\/juancarlosferrer.blogspot.com\/\" target=\"_blank\" rel=\"noopener\">Juan Carlos Ferrer<\/a>\u00a0 \u00a0 \u00a0 \u00a0 \u00a0 \u00a0 \u00a0 \u00a0 \u00a0 (Art\u00edsta Pl\u00e1stico)<\/li>\n<li><a href=\"https:\/\/sapytososaweb.blogspot.com\/\" target=\"_blank\" rel=\"noopener\">Sapyto Sosa<\/a><\/li>\n<li><a href=\"https:\/\/losdeaquinomas.blogspot.com\/\" target=\"_blank\" rel=\"noopener\">Los de aqui Nomas<\/a><\/li>\n<li><a href=\"https:\/\/nicolasvacaweb.blogspot.com\/\" target=\"_blank\" rel=\"noopener\">Nicol\u00e1s Vaca<\/a>\u00a0 \u00a0 \u00a0 \u00a0 \u00a0 \u00a0 \u00a0 \u00a0 \u00a0 \u00a0 \u00a0 \u00a0<a href=\"https:\/\/zeno.fm\/radio-torzalito-emisora-guardabosques-con-nicolas-vaca\/\" target=\"_blank\" rel=\"noopener\">Escuchar Nicolas Vaca<\/a><\/li>\n<li><a href=\"https:\/\/walterelgrillo.blogspot.com\/\" target=\"_blank\" rel=\"noopener\">Walter El Grillo Salte\u00f1o<\/a>\u00a0 \u00a0 \u00a0 \u00a0 \u00a0<a href=\"https:\/\/zeno.fm\/radio-torzalito-salta-argentina-con-walter-el-grillo-saltenio\/\" target=\"_blank\" rel=\"noopener\">Escuchar Grillo Salte\u00f1o<\/a><\/li>\n<li><a href=\"https:\/\/camilabelenysoldelosmilagros.blogspot.com\/\" target=\"_blank\" rel=\"noopener\">Camila, Bel\u00e9n y Sol de los Milagros<\/a><\/li>\n<li><a href=\"https:\/\/telemirandaarraigo.blogspot.com\/\" target=\"_blank\" rel=\"noopener\">Tele Miranda Arraigo<\/a><\/li>\n<li><a href=\"https:\/\/paoladuplat.blogspot.com\/\" target=\"_blank\" rel=\"noopener\">Paola Duplat<\/a>\u00a0 \u00a0 \u00a0 \u00a0 \u00a0 \u00a0 \u00a0<a href=\"https:\/\/zeno.fm\/radio-torzalito-salta-fm-sensaciones-con-paola-duplat\/\" target=\"_blank\" rel=\"noopener\">Escuchar Paola Duplat<\/a><\/li>\n<li><a href=\"https:\/\/inesmencione.blogspot.com\/\" target=\"_blank\" rel=\"noopener\">In\u00e9s Mencione<\/a>\u00a0 \u00a0 \u00a0 \u00a0 \u00a0 \u00a0 \u00a0 \u00a0 \u00a0 \u00a0 \u00a0 \u00a0 \u00a0 \u00a0(Poetisa\/Escritora)<\/li>\n<li><a href=\"https:\/\/esteladelvallesebastianweb.blogspot.com\/\" target=\"_blank\" rel=\"noopener\">Estela del Valle Sebastian La Churita<\/a>\u00a0<a href=\"https:\/\/zeno.fm\/radio-torzalito-salta-argentina-con-la-churita\/\" target=\"_blank\" rel=\"noopener\">Escucharla!!!<\/a><\/li>\n<li><a href=\"https:\/\/priscilaoficial.blogspot.com\/\" target=\"_blank\" rel=\"noopener\">Priscila y su Fantas\u00eda Tropical<\/a>\u00a0\u00a0<a href=\"https:\/\/zeno.fm\/radio-torzalito-y-fantasia-musical-sydney-con-priscila-y-su-fantasia-musical\/\" target=\"_blank\" rel=\"noopener\">Escuchar a Priscila<\/a><\/li>\n<li>Los Troncales \u00a0 \u00a0 \u00a0 \u00a0\u00a0<a href=\"https:\/\/zeno.fm\/radio\/los-troncales-con-radio-torzalito-salta-argentina\/\" target=\"_blank\" rel=\"noopener\">Escuchar On-Line a Los Troncales<\/a><\/li>\n<li><a href=\"https:\/\/grupotreboluruguay.blogspot.com\/\" target=\"_blank\" rel=\"noopener\">Grupo Trebol Uruguay<\/a><\/li>\n<li><a href=\"https:\/\/chemamunozsitiooficial.blogspot.com\/\" target=\"_blank\" rel=\"noopener\">Chema Mu\u00f1oz Poeta, Escritor, Cantautor Tenerife Espa\u00f1a<\/a><\/li>\n<li><a href=\"https:\/\/daianapereyra.blogspot.com\/\" target=\"_blank\" rel=\"noopener\">Daiana Pereyra Solista Tropical<\/a>\u00a0<a href=\"https:\/\/zeno.fm\/radio\/daiana-pereyra-cd\/\" target=\"_blank\" rel=\"noopener\">Escuchar a Daiana<\/a><\/li>\n<li><a href=\"http:\/\/www.chemamunozcantautor.com\/\" target=\"_blank\" rel=\"noopener\">Chema Mu\u00f1oz Cantautor Espa\u00f1ol<\/a> <a href=\"https:\/\/chemamunozpoesia.blogspot.com\/\" target=\"_blank\" rel=\"noopener\">Po\u00e9sias Chema Mu\u00f1oz<\/a><\/li>\n<li><a href=\"https:\/\/honoriofigueroa.blogspot.com\/\" target=\"_blank\" rel=\"noopener\">Honorio Figueroa<\/a><\/li>\n<li><a href=\"https:\/\/yaninaayala.blogspot.com\/\" target=\"_blank\" rel=\"noopener\">Yanina (Nina) Ayala<\/a>\u00a0\u00a0\u00a0\u00a0\u00a0\u00a0\u00a0\u00a0\u00a0 <a href=\"https:\/\/zeno.fm\/radio\/yanina-ayala-con-radio-torzalito-salta-argentina\/\" target=\"_blank\" rel=\"noopener\">Escuchar On Line<\/a><\/li>\n<\/ol>\n<\/li>\n<\/ol>\n<div><b><a href=\"https:\/\/elchangonavamuel.com\/elchangonavamuel\/p\/cds-digitales.html\" target=\"_blank\" rel=\"noopener\">Escuch\u00e1 aqui sus Cd\u00b4s Digitales de c\/u<\/a><br \/>\n<\/b><\/div>\n<div><\/div>\n<div><\/div>\n<div>M\u00e1s difusi\u00f3n Visitar Pagina aqui de<\/div>\n<div><a href=\"https:\/\/elchangonavamueloficial.blogspot.com\/\" target=\"_blank\" rel=\"noopener\">Esteban El Chango Sanz Navamuel<\/a><\/div>\n<div><\/div>\n<div><b>\u00a0 \u00a0 \u00a0<a href=\"https:\/\/zeno.fm\/radio-torzalito-salta-artistas\/\" target=\"_blank\" rel=\"noopener\">Escuchar un s\u00f3lo Cd con Todos Aqui !!!!<\/a><\/b><\/div>\n<\/li>\n<\/ol>\n<div data-original-attrs=\"{&quot;style&quot;:&quot;&quot;}\"><\/div>\n","protected":false},"excerpt":{"rendered":"<p>S\u00f3lo hac\u00e9 click en la P\u00e1gina que quieras visitar S\u00f3lo hac\u00e9 click en la P\u00e1gina que quieras visitar Eduardo Ceballos\u00a0\u00a0\u00a0\u00a0\u00a0\u00a0\u00a0\u00a0\u00a0\u00a0\u00a0\u00a0 (Poeta, escritor, Salta Argentina) Anibal Cuello\u00a0 \u00a0 \u00a0 \u00a0 \u00a0 \u00a0 \u00a0 \u00a0 \u00a0 \u00a0 \u00a0 \u00a0Escuchar a Anibal Cuello &hellip; <a href=\"https:\/\/elchangonavamuel.com\/elchangonavamuel\/index.php\/artistas\/\">Segu\u00ed leyendo <span class=\"meta-nav\">&rarr;<\/span><\/a><\/p>\n","protected":false},"author":1,"featured_media":0,"parent":0,"menu_order":0,"comment_status":"closed","ping_status":"closed","template":"","meta":{"om_disable_all_campaigns":false,"footnotes":""},"class_list":["post-40","page","type-page","status-publish","hentry"],"yoast_head":"<!-- This site is optimized with the Yoast SEO plugin v20.5 - https:\/\/yoast.com\/wordpress\/plugins\/seo\/ -->\n<title>Artistas - El Chango Navamuel &quot;Esteban Sanz Navamuel&quot;<\/title>\n<meta name=\"robots\" content=\"index, follow, max-snippet:-1, max-image-preview:large, max-video-preview:-1\" \/>\n<link rel=\"canonical\" href=\"https:\/\/elchangonavamuel.com\/elchangonavamuel\/index.php\/artistas\/\" \/>\n<meta property=\"og:locale\" content=\"es_ES\" \/>\n<meta property=\"og:type\" content=\"article\" \/>\n<meta property=\"og:title\" content=\"Artistas - El Chango Navamuel &quot;Esteban Sanz Navamuel&quot;\" \/>\n<meta property=\"og:description\" content=\"S\u00f3lo hac\u00e9 click en la P\u00e1gina que quieras visitar S\u00f3lo hac\u00e9 click en la P\u00e1gina que quieras visitar Eduardo Ceballos\u00a0\u00a0\u00a0\u00a0\u00a0\u00a0\u00a0\u00a0\u00a0\u00a0\u00a0\u00a0 (Poeta, escritor, Salta Argentina) Anibal Cuello\u00a0 \u00a0 \u00a0 \u00a0 \u00a0 \u00a0 \u00a0 \u00a0 \u00a0 \u00a0 \u00a0 \u00a0Escuchar a Anibal Cuello &hellip; Segu\u00ed leyendo &rarr;\" \/>\n<meta property=\"og:url\" content=\"https:\/\/elchangonavamuel.com\/elchangonavamuel\/index.php\/artistas\/\" \/>\n<meta property=\"og:site_name\" content=\"El Chango Navamuel &quot;Esteban Sanz Navamuel&quot;\" \/>\n<meta property=\"article:modified_time\" content=\"2023-03-16T21:58:43+00:00\" \/>\n<meta property=\"og:image\" content=\"https:\/\/1.bp.blogspot.com\/-r3bnEtQu_-U\/YRd9sQBaVjI\/AAAAAAAAFSA\/ArW7oZn1lMwKX6tNFvMd7PDLREAD8Z6HgCLcBGAsYHQ\/w400-h264\/Paginas_CDS.png\" \/>\n<meta name=\"twitter:card\" content=\"summary_large_image\" \/>\n<meta name=\"twitter:label1\" content=\"Tiempo de lectura\" \/>\n\t<meta name=\"twitter:data1\" content=\"2 minutos\" \/>\n<script type=\"application\/ld+json\" class=\"yoast-schema-graph\">{\"@context\":\"https:\/\/schema.org\",\"@graph\":[{\"@type\":\"WebPage\",\"@id\":\"https:\/\/elchangonavamuel.com\/elchangonavamuel\/index.php\/artistas\/\",\"url\":\"https:\/\/elchangonavamuel.com\/elchangonavamuel\/index.php\/artistas\/\",\"name\":\"Artistas - El Chango Navamuel &quot;Esteban Sanz Navamuel&quot;\",\"isPartOf\":{\"@id\":\"https:\/\/elchangonavamuel.com\/elchangonavamuel\/#website\"},\"datePublished\":\"2023-03-13T19:17:22+00:00\",\"dateModified\":\"2023-03-16T21:58:43+00:00\",\"breadcrumb\":{\"@id\":\"https:\/\/elchangonavamuel.com\/elchangonavamuel\/index.php\/artistas\/#breadcrumb\"},\"inLanguage\":\"es-AR\",\"potentialAction\":[{\"@type\":\"ReadAction\",\"target\":[\"https:\/\/elchangonavamuel.com\/elchangonavamuel\/index.php\/artistas\/\"]}]},{\"@type\":\"BreadcrumbList\",\"@id\":\"https:\/\/elchangonavamuel.com\/elchangonavamuel\/index.php\/artistas\/#breadcrumb\",\"itemListElement\":[{\"@type\":\"ListItem\",\"position\":1,\"name\":\"Inicio\",\"item\":\"https:\/\/elchangonavamuel.com\/elchangonavamuel\/\"},{\"@type\":\"ListItem\",\"position\":2,\"name\":\"Artistas\"}]},{\"@type\":\"WebSite\",\"@id\":\"https:\/\/elchangonavamuel.com\/elchangonavamuel\/#website\",\"url\":\"https:\/\/elchangonavamuel.com\/elchangonavamuel\/\",\"name\":\"El Chango Navamuel &quot;Esteban Sanz Navamuel&quot;\",\"description\":\"Art\u00edsta de Folklore Tradicional &amp; Difusor Nacional e Internacional         Programaci\u00f3n  Esteban El Chango Esteban Sanz Navamuel \",\"potentialAction\":[{\"@type\":\"SearchAction\",\"target\":{\"@type\":\"EntryPoint\",\"urlTemplate\":\"https:\/\/elchangonavamuel.com\/elchangonavamuel\/?s={search_term_string}\"},\"query-input\":\"required name=search_term_string\"}],\"inLanguage\":\"es-AR\"}]}<\/script>\n<!-- \/ Yoast SEO plugin. -->","yoast_head_json":{"title":"Artistas - El Chango Navamuel &quot;Esteban Sanz Navamuel&quot;","robots":{"index":"index","follow":"follow","max-snippet":"max-snippet:-1","max-image-preview":"max-image-preview:large","max-video-preview":"max-video-preview:-1"},"canonical":"https:\/\/elchangonavamuel.com\/elchangonavamuel\/index.php\/artistas\/","og_locale":"es_ES","og_type":"article","og_title":"Artistas - El Chango Navamuel &quot;Esteban Sanz Navamuel&quot;","og_description":"S\u00f3lo hac\u00e9 click en la P\u00e1gina que quieras visitar S\u00f3lo hac\u00e9 click en la P\u00e1gina que quieras visitar Eduardo Ceballos\u00a0\u00a0\u00a0\u00a0\u00a0\u00a0\u00a0\u00a0\u00a0\u00a0\u00a0\u00a0 (Poeta, escritor, Salta Argentina) Anibal Cuello\u00a0 \u00a0 \u00a0 \u00a0 \u00a0 \u00a0 \u00a0 \u00a0 \u00a0 \u00a0 \u00a0 \u00a0Escuchar a Anibal Cuello &hellip; Segu\u00ed leyendo &rarr;","og_url":"https:\/\/elchangonavamuel.com\/elchangonavamuel\/index.php\/artistas\/","og_site_name":"El Chango Navamuel &quot;Esteban Sanz Navamuel&quot;","article_modified_time":"2023-03-16T21:58:43+00:00","og_image":[{"url":"https:\/\/1.bp.blogspot.com\/-r3bnEtQu_-U\/YRd9sQBaVjI\/AAAAAAAAFSA\/ArW7oZn1lMwKX6tNFvMd7PDLREAD8Z6HgCLcBGAsYHQ\/w400-h264\/Paginas_CDS.png"}],"twitter_card":"summary_large_image","twitter_misc":{"Tiempo de lectura":"2 minutos"},"schema":{"@context":"https:\/\/schema.org","@graph":[{"@type":"WebPage","@id":"https:\/\/elchangonavamuel.com\/elchangonavamuel\/index.php\/artistas\/","url":"https:\/\/elchangonavamuel.com\/elchangonavamuel\/index.php\/artistas\/","name":"Artistas - El Chango Navamuel &quot;Esteban Sanz Navamuel&quot;","isPartOf":{"@id":"https:\/\/elchangonavamuel.com\/elchangonavamuel\/#website"},"datePublished":"2023-03-13T19:17:22+00:00","dateModified":"2023-03-16T21:58:43+00:00","breadcrumb":{"@id":"https:\/\/elchangonavamuel.com\/elchangonavamuel\/index.php\/artistas\/#breadcrumb"},"inLanguage":"es-AR","potentialAction":[{"@type":"ReadAction","target":["https:\/\/elchangonavamuel.com\/elchangonavamuel\/index.php\/artistas\/"]}]},{"@type":"BreadcrumbList","@id":"https:\/\/elchangonavamuel.com\/elchangonavamuel\/index.php\/artistas\/#breadcrumb","itemListElement":[{"@type":"ListItem","position":1,"name":"Inicio","item":"https:\/\/elchangonavamuel.com\/elchangonavamuel\/"},{"@type":"ListItem","position":2,"name":"Artistas"}]},{"@type":"WebSite","@id":"https:\/\/elchangonavamuel.com\/elchangonavamuel\/#website","url":"https:\/\/elchangonavamuel.com\/elchangonavamuel\/","name":"El Chango Navamuel &quot;Esteban Sanz Navamuel&quot;","description":"Art\u00edsta de Folklore Tradicional &amp; Difusor Nacional e Internacional         Programaci\u00f3n  Esteban El Chango Esteban Sanz Navamuel ","potentialAction":[{"@type":"SearchAction","target":{"@type":"EntryPoint","urlTemplate":"https:\/\/elchangonavamuel.com\/elchangonavamuel\/?s={search_term_string}"},"query-input":"required name=search_term_string"}],"inLanguage":"es-AR"}]}},"_links":{"self":[{"href":"https:\/\/elchangonavamuel.com\/elchangonavamuel\/index.php\/wp-json\/wp\/v2\/pages\/40","targetHints":{"allow":["GET"]}}],"collection":[{"href":"https:\/\/elchangonavamuel.com\/elchangonavamuel\/index.php\/wp-json\/wp\/v2\/pages"}],"about":[{"href":"https:\/\/elchangonavamuel.com\/elchangonavamuel\/index.php\/wp-json\/wp\/v2\/types\/page"}],"author":[{"embeddable":true,"href":"https:\/\/elchangonavamuel.com\/elchangonavamuel\/index.php\/wp-json\/wp\/v2\/users\/1"}],"replies":[{"embeddable":true,"href":"https:\/\/elchangonavamuel.com\/elchangonavamuel\/index.php\/wp-json\/wp\/v2\/comments?post=40"}],"version-history":[{"count":5,"href":"https:\/\/elchangonavamuel.com\/elchangonavamuel\/index.php\/wp-json\/wp\/v2\/pages\/40\/revisions"}],"predecessor-version":[{"id":355,"href":"https:\/\/elchangonavamuel.com\/elchangonavamuel\/index.php\/wp-json\/wp\/v2\/pages\/40\/revisions\/355"}],"wp:attachment":[{"href":"https:\/\/elchangonavamuel.com\/elchangonavamuel\/index.php\/wp-json\/wp\/v2\/media?parent=40"}],"curies":[{"name":"wp","href":"https:\/\/api.w.org\/{rel}","templated":true}]}}