{"id":28,"date":"2023-03-13T19:05:39","date_gmt":"2023-03-13T19:05:39","guid":{"rendered":"https:\/\/elchangonavamuel.com\/elchangonavamuel\/?page_id=28"},"modified":"2023-03-17T08:34:36","modified_gmt":"2023-03-17T08:34:36","slug":"difusion","status":"publish","type":"page","link":"https:\/\/elchangonavamuel.com\/elchangonavamuel\/index.php\/difusion\/","title":{"rendered":"Difusion"},"content":{"rendered":"<h2>Nuestro trabajo se enfoca principalmente en acompa\u00f1ar a los art\u00edstas, no s\u00f3lo en Nuestra Radio Web sino en un conjunto de paginas que permiten que el art\u00edsta sea escuchado, y estas p\u00e1ginas contengan lo principal del art\u00edsta, sus videos, rese\u00f1a, contactos, etc. Difundimos a Nuestros art\u00edstas por ejemplo en Programa desde Australia &#8220;Fantas\u00eda Musical&#8221; siempre mostrando nuevos talentos. Sabemos perfectamente que grandes talentos no tuvieron la posibilidad por diversos motivos de sobresalir a\u00fan en el ambiente art\u00edstico, por ello hemos creado ya m\u00e1s de 40 paginas a ellos y mostrarlos al mundo. Estas P\u00e1ginas contienen lo m\u00e1s relevante de ellos, su Rese\u00f1a, sus Videos, cd\u00b4s digitales que hemos confecionado a c\/u y a estas p\u00e1ginas las hemos integrado aqui todas juntas para que sean f\u00e1ciles de acceder. Tambi\u00e9n con la Radio difundimos sus canciones, y ya nos hemos integrado a Radio de Australia, donde El Chango Esteban Sanz Navamuel (Argentina) y Edward Bugallo (Australia) realizan un programa para promoverlos. Nos acompa\u00f1an Radio Joparap\u00e1 Nea (Chaco)Argentina y Fm Sensaciones (Maldonado) Uruguay en la Difusi\u00f3n de este programa unidos en un mismo fin Promoveerlos y darlos a Conocer..<\/h2>\n","protected":false},"excerpt":{"rendered":"<p>Nuestro trabajo se enfoca principalmente en acompa\u00f1ar a los art\u00edstas, no s\u00f3lo en Nuestra Radio Web sino en un conjunto de paginas que permiten que el art\u00edsta sea escuchado, y estas p\u00e1ginas contengan lo principal del art\u00edsta, sus videos, rese\u00f1a, &hellip; <a href=\"https:\/\/elchangonavamuel.com\/elchangonavamuel\/index.php\/difusion\/\">Segu\u00ed leyendo <span class=\"meta-nav\">&rarr;<\/span><\/a><\/p>\n","protected":false},"author":1,"featured_media":0,"parent":0,"menu_order":0,"comment_status":"closed","ping_status":"closed","template":"","meta":{"om_disable_all_campaigns":false,"footnotes":""},"class_list":["post-28","page","type-page","status-publish","hentry"],"yoast_head":"<!-- This site is optimized with the Yoast SEO plugin v20.5 - https:\/\/yoast.com\/wordpress\/plugins\/seo\/ -->\n<title>Difusion - El Chango Navamuel &quot;Esteban Sanz Navamuel&quot;<\/title>\n<meta name=\"robots\" content=\"index, follow, max-snippet:-1, max-image-preview:large, max-video-preview:-1\" \/>\n<link rel=\"canonical\" href=\"https:\/\/elchangonavamuel.com\/elchangonavamuel\/index.php\/difusion\/\" \/>\n<meta property=\"og:locale\" content=\"es_ES\" \/>\n<meta property=\"og:type\" content=\"article\" \/>\n<meta property=\"og:title\" content=\"Difusion - El Chango Navamuel &quot;Esteban Sanz Navamuel&quot;\" \/>\n<meta property=\"og:description\" content=\"Nuestro trabajo se enfoca principalmente en acompa\u00f1ar a los art\u00edstas, no s\u00f3lo en Nuestra Radio Web sino en un conjunto de paginas que permiten que el art\u00edsta sea escuchado, y estas p\u00e1ginas contengan lo principal del art\u00edsta, sus videos, rese\u00f1a, &hellip; Segu\u00ed leyendo &rarr;\" \/>\n<meta property=\"og:url\" content=\"https:\/\/elchangonavamuel.com\/elchangonavamuel\/index.php\/difusion\/\" \/>\n<meta property=\"og:site_name\" content=\"El Chango Navamuel &quot;Esteban Sanz Navamuel&quot;\" \/>\n<meta property=\"article:modified_time\" content=\"2023-03-17T08:34:36+00:00\" \/>\n<meta name=\"twitter:card\" content=\"summary_large_image\" \/>\n<meta name=\"twitter:label1\" content=\"Tiempo de lectura\" \/>\n\t<meta name=\"twitter:data1\" content=\"1 minuto\" \/>\n<script type=\"application\/ld+json\" class=\"yoast-schema-graph\">{\"@context\":\"https:\/\/schema.org\",\"@graph\":[{\"@type\":\"WebPage\",\"@id\":\"https:\/\/elchangonavamuel.com\/elchangonavamuel\/index.php\/difusion\/\",\"url\":\"https:\/\/elchangonavamuel.com\/elchangonavamuel\/index.php\/difusion\/\",\"name\":\"Difusion - El Chango Navamuel &quot;Esteban Sanz Navamuel&quot;\",\"isPartOf\":{\"@id\":\"https:\/\/elchangonavamuel.com\/elchangonavamuel\/#website\"},\"datePublished\":\"2023-03-13T19:05:39+00:00\",\"dateModified\":\"2023-03-17T08:34:36+00:00\",\"breadcrumb\":{\"@id\":\"https:\/\/elchangonavamuel.com\/elchangonavamuel\/index.php\/difusion\/#breadcrumb\"},\"inLanguage\":\"es-AR\",\"potentialAction\":[{\"@type\":\"ReadAction\",\"target\":[\"https:\/\/elchangonavamuel.com\/elchangonavamuel\/index.php\/difusion\/\"]}]},{\"@type\":\"BreadcrumbList\",\"@id\":\"https:\/\/elchangonavamuel.com\/elchangonavamuel\/index.php\/difusion\/#breadcrumb\",\"itemListElement\":[{\"@type\":\"ListItem\",\"position\":1,\"name\":\"Inicio\",\"item\":\"https:\/\/elchangonavamuel.com\/elchangonavamuel\/\"},{\"@type\":\"ListItem\",\"position\":2,\"name\":\"Difusion\"}]},{\"@type\":\"WebSite\",\"@id\":\"https:\/\/elchangonavamuel.com\/elchangonavamuel\/#website\",\"url\":\"https:\/\/elchangonavamuel.com\/elchangonavamuel\/\",\"name\":\"El Chango Navamuel &quot;Esteban Sanz Navamuel&quot;\",\"description\":\"Art\u00edsta de Folklore Tradicional &amp; Difusor Nacional e Internacional         Programaci\u00f3n  Esteban El Chango Esteban Sanz Navamuel \",\"potentialAction\":[{\"@type\":\"SearchAction\",\"target\":{\"@type\":\"EntryPoint\",\"urlTemplate\":\"https:\/\/elchangonavamuel.com\/elchangonavamuel\/?s={search_term_string}\"},\"query-input\":\"required name=search_term_string\"}],\"inLanguage\":\"es-AR\"}]}<\/script>\n<!-- \/ Yoast SEO plugin. -->","yoast_head_json":{"title":"Difusion - El Chango Navamuel &quot;Esteban Sanz Navamuel&quot;","robots":{"index":"index","follow":"follow","max-snippet":"max-snippet:-1","max-image-preview":"max-image-preview:large","max-video-preview":"max-video-preview:-1"},"canonical":"https:\/\/elchangonavamuel.com\/elchangonavamuel\/index.php\/difusion\/","og_locale":"es_ES","og_type":"article","og_title":"Difusion - El Chango Navamuel &quot;Esteban Sanz Navamuel&quot;","og_description":"Nuestro trabajo se enfoca principalmente en acompa\u00f1ar a los art\u00edstas, no s\u00f3lo en Nuestra Radio Web sino en un conjunto de paginas que permiten que el art\u00edsta sea escuchado, y estas p\u00e1ginas contengan lo principal del art\u00edsta, sus videos, rese\u00f1a, &hellip; Segu\u00ed leyendo &rarr;","og_url":"https:\/\/elchangonavamuel.com\/elchangonavamuel\/index.php\/difusion\/","og_site_name":"El Chango Navamuel &quot;Esteban Sanz Navamuel&quot;","article_modified_time":"2023-03-17T08:34:36+00:00","twitter_card":"summary_large_image","twitter_misc":{"Tiempo de lectura":"1 minuto"},"schema":{"@context":"https:\/\/schema.org","@graph":[{"@type":"WebPage","@id":"https:\/\/elchangonavamuel.com\/elchangonavamuel\/index.php\/difusion\/","url":"https:\/\/elchangonavamuel.com\/elchangonavamuel\/index.php\/difusion\/","name":"Difusion - El Chango Navamuel &quot;Esteban Sanz Navamuel&quot;","isPartOf":{"@id":"https:\/\/elchangonavamuel.com\/elchangonavamuel\/#website"},"datePublished":"2023-03-13T19:05:39+00:00","dateModified":"2023-03-17T08:34:36+00:00","breadcrumb":{"@id":"https:\/\/elchangonavamuel.com\/elchangonavamuel\/index.php\/difusion\/#breadcrumb"},"inLanguage":"es-AR","potentialAction":[{"@type":"ReadAction","target":["https:\/\/elchangonavamuel.com\/elchangonavamuel\/index.php\/difusion\/"]}]},{"@type":"BreadcrumbList","@id":"https:\/\/elchangonavamuel.com\/elchangonavamuel\/index.php\/difusion\/#breadcrumb","itemListElement":[{"@type":"ListItem","position":1,"name":"Inicio","item":"https:\/\/elchangonavamuel.com\/elchangonavamuel\/"},{"@type":"ListItem","position":2,"name":"Difusion"}]},{"@type":"WebSite","@id":"https:\/\/elchangonavamuel.com\/elchangonavamuel\/#website","url":"https:\/\/elchangonavamuel.com\/elchangonavamuel\/","name":"El Chango Navamuel &quot;Esteban Sanz Navamuel&quot;","description":"Art\u00edsta de Folklore Tradicional &amp; Difusor Nacional e Internacional         Programaci\u00f3n  Esteban El Chango Esteban Sanz Navamuel ","potentialAction":[{"@type":"SearchAction","target":{"@type":"EntryPoint","urlTemplate":"https:\/\/elchangonavamuel.com\/elchangonavamuel\/?s={search_term_string}"},"query-input":"required name=search_term_string"}],"inLanguage":"es-AR"}]}},"_links":{"self":[{"href":"https:\/\/elchangonavamuel.com\/elchangonavamuel\/index.php\/wp-json\/wp\/v2\/pages\/28","targetHints":{"allow":["GET"]}}],"collection":[{"href":"https:\/\/elchangonavamuel.com\/elchangonavamuel\/index.php\/wp-json\/wp\/v2\/pages"}],"about":[{"href":"https:\/\/elchangonavamuel.com\/elchangonavamuel\/index.php\/wp-json\/wp\/v2\/types\/page"}],"author":[{"embeddable":true,"href":"https:\/\/elchangonavamuel.com\/elchangonavamuel\/index.php\/wp-json\/wp\/v2\/users\/1"}],"replies":[{"embeddable":true,"href":"https:\/\/elchangonavamuel.com\/elchangonavamuel\/index.php\/wp-json\/wp\/v2\/comments?post=28"}],"version-history":[{"count":2,"href":"https:\/\/elchangonavamuel.com\/elchangonavamuel\/index.php\/wp-json\/wp\/v2\/pages\/28\/revisions"}],"predecessor-version":[{"id":254,"href":"https:\/\/elchangonavamuel.com\/elchangonavamuel\/index.php\/wp-json\/wp\/v2\/pages\/28\/revisions\/254"}],"wp:attachment":[{"href":"https:\/\/elchangonavamuel.com\/elchangonavamuel\/index.php\/wp-json\/wp\/v2\/media?parent=28"}],"curies":[{"name":"wp","href":"https:\/\/api.w.org\/{rel}","templated":true}]}}