{"id":104,"date":"2023-03-14T04:05:49","date_gmt":"2023-03-14T04:05:49","guid":{"rendered":"https:\/\/elchangonavamuel.com\/elchangonavamuel\/?page_id=104"},"modified":"2023-12-13T06:59:03","modified_gmt":"2023-12-13T06:59:03","slug":"desarrollo","status":"publish","type":"page","link":"https:\/\/elchangonavamuel.com\/elchangonavamuel\/index.php\/desarrollo\/","title":{"rendered":"Desarrollo"},"content":{"rendered":"<p>Ya hace varios a\u00f1os nos dedicamos a realizar paginas web\u00b4s<\/p>\n\n\n<figure class=\"wp-block-image size-full is-resized\"><img loading=\"lazy\" decoding=\"async\" width=\"400\" height=\"270\" src=\"https:\/\/elchangonavamuel.com\/elchangonavamuel\/wp-content\/uploads\/2023\/03\/WhatsApp-Image-2022-03-03-at-1.56.26-AM.jpeg\" alt=\"\" class=\"wp-image-275\" style=\"width:217px;height:146px\" srcset=\"https:\/\/elchangonavamuel.com\/elchangonavamuel\/wp-content\/uploads\/2023\/03\/WhatsApp-Image-2022-03-03-at-1.56.26-AM.jpeg 400w, https:\/\/elchangonavamuel.com\/elchangonavamuel\/wp-content\/uploads\/2023\/03\/WhatsApp-Image-2022-03-03-at-1.56.26-AM-300x203.jpeg 300w\" sizes=\"auto, (max-width: 400px) 100vw, 400px\" \/><\/figure>\n\n\n\n<p>Cuales Son nuestros Servicios?&nbsp;&#8211; Elijes un Nombre para Tu pagina ej: www.estebansanz.com y te lleba a una P\u00e1gina que confeccionamos a tu media&#8230;&#8230;<\/p>\n\n\n\n<p>Ofrecemos servicio de Instalaci\u00f3n de Radios On-Line , Creaci\u00f3n de Paginas Web\u00b4s a Medida, Asesoramiento, Mantenimiento, y Preparaci\u00f3n educativa para el manejo de estas opciones.<\/p>\n\n\n\n<p>1.- Radios On-Line<\/p>\n\n\n\n<p>a)&nbsp;Instalamos tu Radio On-Line con Streaming Pago mensual o Anual,<\/p>\n\n\n\n<p>&nbsp;esto permite que tu Radio est\u00e9 siempre presente en los Buscadores como Google.<\/p>\n\n\n\n<p>b)&nbsp;Instalamos Tu Radio On-Line con Streaming Gratu\u00edto<\/p>\n\n\n\n<p>, te ofrecemos aqui la posibilidad de que uses una Nube con capacidad de 200 archivos de m\u00fasica que permite que tu emisora nunca quede sin m\u00fasica que te ense\u00f1amos a programar.<\/p>\n\n\n\n<p>c)&nbsp;Te instalamos un Reproductor de \u00faltima generaci\u00f3n<\/p>\n\n\n\n<p>&nbsp;que te permite transmitir, programar, etc con circu\u00edto cerrado para que tu pc transmita pero puedas ocuparla para otras tareas.<\/p>\n\n\n\n<p>d)&nbsp;Te instalamos un Programa que te permite transmitir en tu radio Todo sonido que emite tu Pc,<\/p>\n\n\n\n<p>&nbsp;programas, Videos, audios, etc.<\/p>\n\n\n\n<p>e)\u00a0Te confeccionamos la p\u00e1gina a medida para la Radio cualquiera sea la opci\u00f3n que elijas.<br><\/p>\n\n\n\n<p>Que Necesitas para tener Tu Radio On-Line ?\u00a0 \u00a0 \u00a0 \u00a0 \u00a0 \u00a0 \u00a0 \u00a0 \u00a0 \u00a0 \u00a0 \u00a0 \u00a0 \u00a0 \u00a0 \u00a0 \u00a0 \u00a0 \u00a0 \u00a0 \u00a0 \u00a0 \u00a0 \u00a0 \u00a0 \u00a0 \u00a0 \u00a0 \u00a0 \u00a0 \u00a0 \u00a0 \u00a0 \u00a0 \u00a0 \u00a0 \u00a0 Solo una Pc, Laptop, Notbook, y buena Se\u00f1al de Wifi.<br>Ejemplos :\u00a0 \u00a0 \u00a0 \u00a0 \u00a0 \u00a0 \u00a0 \u00a0<\/p>\n\n\n\n<p>\u00a0a) Aqui te mostramos una Radio Con Streaming Pago y adem\u00e1s con Streaming Gratuito :\u00a0\u00a0\u00a0 \u00a0 \u00a0 \u00a0 \u00a0 \u00a0 \u00a0 \u00a0 \u00a0 \u00a0 \u00a0 \u00a0 \u00a0 \u00a0 \u00a0\u00a0\u00a0<a href=\"https:\/\/www.blogger.com\/blog\/post\/edit\/1486816260920749500\/7610481724870739580#\">Ejemplo 1 Hac\u00e9 Click aqui!!!<\/a><\/p>\n\n\n\n<p>b) Aqu\u00ed te mostramos una Radio Con Streaming Gratu\u00edto solamente :<br><a href=\"https:\/\/www.blogger.com\/blog\/post\/edit\/1486816260920749500\/7610481724870739580#\">Ejemplo 2 Hac\u00e9 click aqui !!!<\/a><\/p>\n\n\n\n<p><\/p>\n","protected":false},"excerpt":{"rendered":"<p>Ya hace varios a\u00f1os nos dedicamos a realizar paginas web\u00b4s Cuales Son nuestros Servicios?&nbsp;&#8211; Elijes un Nombre para Tu pagina ej: www.estebansanz.com y te lleba a una P\u00e1gina que confeccionamos a tu media&#8230;&#8230; Ofrecemos servicio de Instalaci\u00f3n de Radios On-Line &hellip; <a href=\"https:\/\/elchangonavamuel.com\/elchangonavamuel\/index.php\/desarrollo\/\">Segu\u00ed leyendo <span class=\"meta-nav\">&rarr;<\/span><\/a><\/p>\n","protected":false},"author":1,"featured_media":20,"parent":0,"menu_order":0,"comment_status":"closed","ping_status":"closed","template":"","meta":{"om_disable_all_campaigns":false,"footnotes":""},"class_list":["post-104","page","type-page","status-publish","has-post-thumbnail","hentry"],"yoast_head":"<!-- This site is optimized with the Yoast SEO plugin v20.5 - https:\/\/yoast.com\/wordpress\/plugins\/seo\/ -->\n<title>Desarrollo - El Chango Navamuel &quot;Esteban Sanz Navamuel&quot;<\/title>\n<meta name=\"robots\" content=\"index, follow, max-snippet:-1, max-image-preview:large, max-video-preview:-1\" \/>\n<link rel=\"canonical\" href=\"https:\/\/elchangonavamuel.com\/elchangonavamuel\/index.php\/desarrollo\/\" \/>\n<meta property=\"og:locale\" content=\"es_ES\" \/>\n<meta property=\"og:type\" content=\"article\" \/>\n<meta property=\"og:title\" content=\"Desarrollo - El Chango Navamuel &quot;Esteban Sanz Navamuel&quot;\" \/>\n<meta property=\"og:description\" content=\"Ya hace varios a\u00f1os nos dedicamos a realizar paginas web\u00b4s Cuales Son nuestros Servicios?&nbsp;&#8211; Elijes un Nombre para Tu pagina ej: www.estebansanz.com y te lleba a una P\u00e1gina que confeccionamos a tu media&#8230;&#8230; Ofrecemos servicio de Instalaci\u00f3n de Radios On-Line &hellip; Segu\u00ed leyendo &rarr;\" \/>\n<meta property=\"og:url\" content=\"https:\/\/elchangonavamuel.com\/elchangonavamuel\/index.php\/desarrollo\/\" \/>\n<meta property=\"og:site_name\" content=\"El Chango Navamuel &quot;Esteban Sanz Navamuel&quot;\" \/>\n<meta property=\"article:modified_time\" content=\"2023-12-13T06:59:03+00:00\" \/>\n<meta property=\"og:image\" content=\"https:\/\/elchangonavamuel.com\/elchangonavamuel\/wp-content\/uploads\/2023\/03\/cropped-WhatsApp-Image-2022-03-05-at-11.46.40-PM.jpeg\" \/>\n\t<meta property=\"og:image:width\" content=\"512\" \/>\n\t<meta property=\"og:image:height\" content=\"512\" \/>\n\t<meta property=\"og:image:type\" content=\"image\/jpeg\" \/>\n<meta name=\"twitter:card\" content=\"summary_large_image\" \/>\n<meta name=\"twitter:label1\" content=\"Tiempo de lectura\" \/>\n\t<meta name=\"twitter:data1\" content=\"2 minutos\" \/>\n<script type=\"application\/ld+json\" class=\"yoast-schema-graph\">{\"@context\":\"https:\/\/schema.org\",\"@graph\":[{\"@type\":\"WebPage\",\"@id\":\"https:\/\/elchangonavamuel.com\/elchangonavamuel\/index.php\/desarrollo\/\",\"url\":\"https:\/\/elchangonavamuel.com\/elchangonavamuel\/index.php\/desarrollo\/\",\"name\":\"Desarrollo - El Chango Navamuel &quot;Esteban Sanz Navamuel&quot;\",\"isPartOf\":{\"@id\":\"https:\/\/elchangonavamuel.com\/elchangonavamuel\/#website\"},\"datePublished\":\"2023-03-14T04:05:49+00:00\",\"dateModified\":\"2023-12-13T06:59:03+00:00\",\"breadcrumb\":{\"@id\":\"https:\/\/elchangonavamuel.com\/elchangonavamuel\/index.php\/desarrollo\/#breadcrumb\"},\"inLanguage\":\"es-AR\",\"potentialAction\":[{\"@type\":\"ReadAction\",\"target\":[\"https:\/\/elchangonavamuel.com\/elchangonavamuel\/index.php\/desarrollo\/\"]}]},{\"@type\":\"BreadcrumbList\",\"@id\":\"https:\/\/elchangonavamuel.com\/elchangonavamuel\/index.php\/desarrollo\/#breadcrumb\",\"itemListElement\":[{\"@type\":\"ListItem\",\"position\":1,\"name\":\"Inicio\",\"item\":\"https:\/\/elchangonavamuel.com\/elchangonavamuel\/\"},{\"@type\":\"ListItem\",\"position\":2,\"name\":\"Desarrollo\"}]},{\"@type\":\"WebSite\",\"@id\":\"https:\/\/elchangonavamuel.com\/elchangonavamuel\/#website\",\"url\":\"https:\/\/elchangonavamuel.com\/elchangonavamuel\/\",\"name\":\"El Chango Navamuel &quot;Esteban Sanz Navamuel&quot;\",\"description\":\"Art\u00edsta de Folklore Tradicional &amp; Difusor Nacional e Internacional         Programaci\u00f3n  Esteban El Chango Esteban Sanz Navamuel \",\"potentialAction\":[{\"@type\":\"SearchAction\",\"target\":{\"@type\":\"EntryPoint\",\"urlTemplate\":\"https:\/\/elchangonavamuel.com\/elchangonavamuel\/?s={search_term_string}\"},\"query-input\":\"required name=search_term_string\"}],\"inLanguage\":\"es-AR\"}]}<\/script>\n<!-- \/ Yoast SEO plugin. -->","yoast_head_json":{"title":"Desarrollo - El Chango Navamuel &quot;Esteban Sanz Navamuel&quot;","robots":{"index":"index","follow":"follow","max-snippet":"max-snippet:-1","max-image-preview":"max-image-preview:large","max-video-preview":"max-video-preview:-1"},"canonical":"https:\/\/elchangonavamuel.com\/elchangonavamuel\/index.php\/desarrollo\/","og_locale":"es_ES","og_type":"article","og_title":"Desarrollo - El Chango Navamuel &quot;Esteban Sanz Navamuel&quot;","og_description":"Ya hace varios a\u00f1os nos dedicamos a realizar paginas web\u00b4s Cuales Son nuestros Servicios?&nbsp;&#8211; Elijes un Nombre para Tu pagina ej: www.estebansanz.com y te lleba a una P\u00e1gina que confeccionamos a tu media&#8230;&#8230; Ofrecemos servicio de Instalaci\u00f3n de Radios On-Line &hellip; Segu\u00ed leyendo &rarr;","og_url":"https:\/\/elchangonavamuel.com\/elchangonavamuel\/index.php\/desarrollo\/","og_site_name":"El Chango Navamuel &quot;Esteban Sanz Navamuel&quot;","article_modified_time":"2023-12-13T06:59:03+00:00","og_image":[{"width":512,"height":512,"url":"https:\/\/elchangonavamuel.com\/elchangonavamuel\/wp-content\/uploads\/2023\/03\/cropped-WhatsApp-Image-2022-03-05-at-11.46.40-PM.jpeg","type":"image\/jpeg"}],"twitter_card":"summary_large_image","twitter_misc":{"Tiempo de lectura":"2 minutos"},"schema":{"@context":"https:\/\/schema.org","@graph":[{"@type":"WebPage","@id":"https:\/\/elchangonavamuel.com\/elchangonavamuel\/index.php\/desarrollo\/","url":"https:\/\/elchangonavamuel.com\/elchangonavamuel\/index.php\/desarrollo\/","name":"Desarrollo - El Chango Navamuel &quot;Esteban Sanz Navamuel&quot;","isPartOf":{"@id":"https:\/\/elchangonavamuel.com\/elchangonavamuel\/#website"},"datePublished":"2023-03-14T04:05:49+00:00","dateModified":"2023-12-13T06:59:03+00:00","breadcrumb":{"@id":"https:\/\/elchangonavamuel.com\/elchangonavamuel\/index.php\/desarrollo\/#breadcrumb"},"inLanguage":"es-AR","potentialAction":[{"@type":"ReadAction","target":["https:\/\/elchangonavamuel.com\/elchangonavamuel\/index.php\/desarrollo\/"]}]},{"@type":"BreadcrumbList","@id":"https:\/\/elchangonavamuel.com\/elchangonavamuel\/index.php\/desarrollo\/#breadcrumb","itemListElement":[{"@type":"ListItem","position":1,"name":"Inicio","item":"https:\/\/elchangonavamuel.com\/elchangonavamuel\/"},{"@type":"ListItem","position":2,"name":"Desarrollo"}]},{"@type":"WebSite","@id":"https:\/\/elchangonavamuel.com\/elchangonavamuel\/#website","url":"https:\/\/elchangonavamuel.com\/elchangonavamuel\/","name":"El Chango Navamuel &quot;Esteban Sanz Navamuel&quot;","description":"Art\u00edsta de Folklore Tradicional &amp; Difusor Nacional e Internacional         Programaci\u00f3n  Esteban El Chango Esteban Sanz Navamuel ","potentialAction":[{"@type":"SearchAction","target":{"@type":"EntryPoint","urlTemplate":"https:\/\/elchangonavamuel.com\/elchangonavamuel\/?s={search_term_string}"},"query-input":"required name=search_term_string"}],"inLanguage":"es-AR"}]}},"_links":{"self":[{"href":"https:\/\/elchangonavamuel.com\/elchangonavamuel\/index.php\/wp-json\/wp\/v2\/pages\/104","targetHints":{"allow":["GET"]}}],"collection":[{"href":"https:\/\/elchangonavamuel.com\/elchangonavamuel\/index.php\/wp-json\/wp\/v2\/pages"}],"about":[{"href":"https:\/\/elchangonavamuel.com\/elchangonavamuel\/index.php\/wp-json\/wp\/v2\/types\/page"}],"author":[{"embeddable":true,"href":"https:\/\/elchangonavamuel.com\/elchangonavamuel\/index.php\/wp-json\/wp\/v2\/users\/1"}],"replies":[{"embeddable":true,"href":"https:\/\/elchangonavamuel.com\/elchangonavamuel\/index.php\/wp-json\/wp\/v2\/comments?post=104"}],"version-history":[{"count":4,"href":"https:\/\/elchangonavamuel.com\/elchangonavamuel\/index.php\/wp-json\/wp\/v2\/pages\/104\/revisions"}],"predecessor-version":[{"id":407,"href":"https:\/\/elchangonavamuel.com\/elchangonavamuel\/index.php\/wp-json\/wp\/v2\/pages\/104\/revisions\/407"}],"wp:featuredmedia":[{"embeddable":true,"href":"https:\/\/elchangonavamuel.com\/elchangonavamuel\/index.php\/wp-json\/wp\/v2\/media\/20"}],"wp:attachment":[{"href":"https:\/\/elchangonavamuel.com\/elchangonavamuel\/index.php\/wp-json\/wp\/v2\/media?parent=104"}],"curies":[{"name":"wp","href":"https:\/\/api.w.org\/{rel}","templated":true}]}}